1
Let f(z) = -15*z**3 - 97*z**2 - 4*z + 31. Calculate f(-7).
451
Let c(x) = -41366*x + 41386. Calculate c(1).
20
Let w(h) = 246*h**2 - 12767*h - 1. Give w(52).
1299
Let n(p) = 1785*p - 453100. Determine n(254).
290
Let w(a) = 76*a - 10611. What is w(139)?
-47
Let d(w) = 3*w**3 + 2*w**2 - 1287*w + 3758. Determine d(3).
-4
Let k(s) = -2493*s - 42213. Calculate k(-17).
168
Let f(j) = 4320*j + 9560150. Determine f(-2213).
-10
Let t(z) = 42*z**2 - 1114*z + 642. Calculate t(26).
70
Let j(h) = 2*h**3 - 2*h**2 + 388*h + 3. Give j(0).
3
Let z(p) = 7*p**2 + 827*p + 277. What is z(-119)?
991
Let s(m) = 2*m**3 - 52*m**2 - 14*m - 71. Calculate s(26).
-435
Let z(d) = -101*d**3 - 12021*d**2 - 926*d - 81880. Determine z(-119).
-8
Let v(c) = c**3 - 117*c**2 - 348*c - 1463. Determine v(120).
-23
Let t(m) = 509*m + 4270. Determine t(-8).
198
Let q(w) = 298412*w + 1790368. Calculate q(-6).
-104
Let g(d) = 4367*d - 851419. Give g(195).
146
Let r(g) = -g**3 + 31*g**2 + 112*g + 17360. Give r(43).
-12
Let h(f) = 2*f**2 - 161*f + 428. Give h(76).
-256
Let j(a) = a**3 - 14*a**2 + 24*a - 59. Determine j(18).
1669
Let o(u) = -167*u - 8344. Give o(-62).
2010
Let j(n) = n**3 - 68*n**2 - 4769*n - 375. What is j(111)?
69
Let w(i) = 977*i + 233516. Calculate w(-239).
13
Let v(d) = 21*d**2 - 907*d + 2752. Determine v(40).
72
Let u(h) = 4471249*h + 35769978. Calculate u(-8).
-14
Let j(a) = -a**3 - 97*a**2 - 1957*a + 5922. Determine j(-66).
48
Let q(a) = a**3 + 32*a**2 - 7*a - 678. Determine q(-31).
500
Let l(r) = 20249*r - 60786. Calculate l(3).
-39
Let c(t) = 3*t**3 + 2*t**2 - 17*t - 67. What is c(-8)?
-1339
Let q(g) = -g**3 - 75*g**2 - 1974*g - 101843. Determine q(-68).
21
Let s(n) = -n**2 + 338416*n + 676830. Calculate s(-2).
-6
Let m(h) = 4*h**3 - 178*h**2 - 269*h - 228. Determine m(46).
94
Let i(p) = -12*p**2 - 582*p - 306. Calculate i(-48).
-18
Let s(z) = -3770*z**2 + 22625*z - 23. Give s(6).
7
Let g(n) = n**3 + 356*n**2 - 21254*n + 1972. Determine g(52).
-4
Let z(b) = 4*b**2 + 1854*b + 53167. Calculate z(-433).
341
Let v(f) = f**3 - 8*f**2 - 1090*f + 5522. What is v(5)?
-3
Let t(q) = -q**3 - 75*q**2 - 1406*q - 126. Calculate t(-40).
114
Let x(k) = k**3 - 32*k**2 - 814*k - 910. Calculate x(49).
21
Let p(i) = -i**2 - 152*i + 5961. Calculate p(-183).
288
Let l(a) = -4001*a + 3624881. What is l(906)?
-25
Let h(m) = -12*m**2 + 36585*m - 36585. Determine h(1).
-12
Let x(b) = -b**3 - 78*b**2 + 1145*b + 66992. Give x(-82).
-2
Let x(t) = -15718*t + 471529. What is x(30)?
-11
Let r(q) = -q**3 - 16*q**2 - 569*q - 1591. What is r(-3)?
-1
Let f(d) = d**3 + 116*d**2 - 702*d + 10. Calculate f(6).
190
Let a(r) = 72*r**2 - 810*r + 1921. Determine a(8).
49
Let v(g) = -3893*g**2 + 33*g - 12. Give v(0).
-12
Let n(v) = 244*v**2 + 3415*v + 130. Determine n(-14).
144
Let z(t) = 30*t**3 - 125*t**2 + 35*t + 35. Determine z(4).
95
Let y(f) = -f**2 - 46*f + 39847. Give y(178).
-25
Let b(r) = -161432*r - 17757530. Calculate b(-110).
-10
Let g(n) = -7*n**3 - 367*n**2 + 6869*n + 2333. Give g(-67).
-12
Let u(c) = 44381*c + 399423. Calculate u(-9).
-6
Let d(t) = -51*t**3 - 39829*t**2 + 1557*t - 3898. Determine d(-781).
7
Let g(k) = 5684*k - 164839. What is g(29)?
-3
Let s(l) = -5*l**3 + 67*l**2 - 88*l + 1007. What is s(13)?
201
Let n(u) = -1872*u - 27840. Determine n(-15).
240
Let o(m) = -3*m**2 - 7190*m - 4212234. Give o(-1377).
9
Let y(g) = g**3 - 3*g**2 - 493*g - 21. What is y(-21)?
-252
Let u(m) = m**3 + 99*m**2 - 82*m - 26803. Determine u(-97).
-31
Let p(q) = -q**3 - 582*q**2 - 2241*q + 298. Calculate p(-4).
14
Let y(g) = -1042089*g - 2084212. What is y(-2)?
-34
Let t(b) = -b**2 + 73838*b + 2363833. Calculate t(-32).
-7
Let q(p) = 53*p**3 + 2*p**2 - 223*p + 430. Determine q(2).
416
Let t(d) = 43208*d + 215978. Determine t(-5).
-62
Let b(l) = 5*l**2 - 4758*l - 72655. Calculate b(-15).
-160
Let x(p) = 6*p**3 - 5*p**2 + p. Determine x(3).
120
Let j(i) = -i**3 + 73*i**2 - 1308*i - 417. What is j(33)?
-21
Let m(s) = 380*s + 1657. Determine m(-6).
-623
Let x(t) = 3*t**2 + 1841*t + 280385. Give x(-333).
-1
Let j(x) = -3219104*x + 41848360. What is j(13)?
8
Let s(r) = 50*r + 5001. Calculate s(-101).
-49
Let i(w) = -w**3 + 93*w**2 - 469*w + 282. Calculate i(5).
137
Let f(b) = 834*b**2 + 13325*b - 327. Give f(-16).
-23
Let u(s) = 4440*s - 23985. What is u(5)?
-1785
Let d(h) = -h**3 - 63*h**2 + 189*h - 1400. Determine d(-66).
-806
Let x(u) = u**3 - 316*u**2 - 1600*u - 1633. Calculate x(321).
-28
Let x(t) = -t**2 + 23087*t + 69264. Give x(-3).
-6
Let k(c) = -8314*c + 415708. Calculate k(50).
8
Let k(u) = 158*u + 84064. Determine k(-533).
-150
Let j(s) = -9680*s + 367401. Calculate j(38).
-439
Let v(r) = -r**3 - 1116*r**2 + 12422*r - 241. Determine v(11).
34
Let d(n) = -8*n**3 + 129*n - 662. What is d(5)?
-1017
Let i(j) = 100895*j + 2421471. Calculate i(-24).
-9
Let i(n) = 3*n**3 + 29*n**2 - 718*n - 87. Calculate i(-21).
-3
Let o(p) = 4*p**3 + 872*p**2 + 663*p + 144543. Calculate o(-218).
9
Let s(k) = -k**3 - 459*k**2 + 4606*k - 39391. What is s(-469)?
5
Let b(h) = -h**3 + 207*h**2 - 2566*h + 869706. What is b(214)?
10
Let s(d) = 2*d**3 - 422*d**2 + 868*d - 6658. Determine s(209).
30
Let v(b) = -21413*b - 127789. What is v(-6)?
689
Let s(h) = -1834*h + 14816. What is s(8)?
144
Let j(d) = -2074*d - 319448. Calculate j(-154).
-52
Let o(d) = 4*d**3 - 7*d**2 - 912*d + 192. Calculate o(-14).
612
Let n(p) = p**3 + 389*p**2 + 3800*p + 3796. Calculate n(-379).
6
Let r(b) = -3*b**2 - 809*b - 349. Give r(0).
-349
Let j(a) = -a**2 - 288*a - 20153. Determine j(-123).
142
Let i(x) = -8*x**2 - 867*x + 17708. Calculate i(-126).
-58
Let u(x) = -18971*x - 56809. Calculate u(-3).
104
Let p(i) = -23062*i - 115292. Determine p(-5).
18
Let o(k) = 4*k**2 - 390*k + 9744. Calculate o(26).
2308
Let p(b) = -7*b**2 + 2755*b + 7374. What is p(396)?
642
Let w(c) = 6*c**2 + 160*c + 982. Calculate w(-7).
156
Let z(c) = -334*c - 171487. What is z(-513)?
-145
Let y(t) = -2*t**2 + 393*t - 6156. Determine y(179).
109
Let r(z) = 3392*z - 27258. What is r(7)?
-3514
Let v(j) = 15167*j - 788899. Calculate v(52).
-215
Let l(k) = 686*k + 4313. What is l(-6)?
197
Let x(y) = -7*y**3 - 1371*y**2 + 4169*y - 7. Calculate x(3).
-28
Let t(g) = 21*g**2 + 692*g + 4. Determine t(-32).
-636
Let w(f) = -13*f**3 - 32*f**2 - 262*f - 168. What is w(-7)?
4557
Let k(t) = 27*t**2 + 103*t + 565. Give k(-5).
725
Let r(w) = -1464*w + 6007. Give r(4).
151
Let b(v) = -1120*v + 103009. Determine b(92).
-31
Let g(f) = 2*f**3 - 55*f**2 - 475*f - 21004. Determine g(40).
-4
Let m(p) = 27*p**2 + 240*p - 161. Determine m(-13).
1282
Let i(q) = -q**3 - 7*q**2 - 10*q + 172. Determine i(-11).
766
Let n(w) = 14215*w**2 - 284301*w + 9. Determine n(20).
-11
Let z(g) = -2*g**3 + 23*g**2 - 1576*g + 17222. Calculate z(11).
7
Let f(i) = 7*i**3 + 193*i**2 + 284*i - 41. Calculate f(-26).
11
Let h(i) = -5678*i - 288760. Give h(-51).
818
Let u(p) = p**3 - 236*p**2 + 7*p - 1581. Calculate u(236).
71
Let f(d) = 2410*d + 86594. Calculate f(-36).
-166
Let y(b) = -5*b**3 - 104*b**2 - 248*b - 241. Give y(-17).
-1516
Let p(t) = -98*t**2 + 699*t - 15. What is p(3)?
1200
Let k(o) = 13*o**3 + 143*o**2 - 1269*o + 141. What is k(-17)?
-828
Let s(y) = -1647*y**2 + 17*y - 8. Determine s(1).
-1638
Let l(i) = -4*i**3 - 30*i**2 + 221*i - 5. Calculate l(6).
-623
Let r(y) = -520*y + 54714. Determine r(100).
2714
Let h(o) = 6*o**3 + 70*o**2 + o + 121. Calculate h(-10).
1111
Let y(p) = 10*p**2 - 119*p + 15. Determine y(18).
1113
Let i(m) = -13*m**2 + 402*m + 5643. Calculate i(-13).
-1780
Let u(m) = 126213*m - 2019257. Calculate u(16).
151
Let l(q) = 9*q**2 - 13*q - 66. Give l(11).
880
Let m(l) = 9*l**2 + 271*l - 805. Calculate m(3).
89
Let z(b) = -192*b**2 + 1192*b - 261. What is z(6)?
-21
Let g(m) = -19*m**2 + 1682*m + 4768. Give g(91).
491
Let q(s) = -7809*s - 23129. Determine q(-3).
298
Let m(j) = -9336*j - 46514. Calculate m(-5).
166
Let j(y) = 2795*y + 16643. Determine j(-6).
-127
Let l(w) = -2*w**3 - 384*w**2 + 57*w + 83855. Calculate l(-191).
6
Let f(n) = -8*n**3 + 7*n**2 - 18*n + 231. Determine f(5).
-684
Let h(u) = -24*u**2 + 562*u - 201. Determine h(22).
547
Let u(t) = -6*t**2 + 1213*t - 189. What is u(202)?
13
Let x(r) = -r**3 - 324*r**2 + 1013*r - 3. Determine x(3).
93
Let u(h) = -3*h**3 - 51*h**2 